*r + r**3. Give u(b).
47
Let h(r) = -5*r - 17. Let y(g) = -g**3 - g**2 + 16*g + 16. Let d be y(-8). Let v be (2/7)/(16/d). Let a(c) = c + 1. Let l(u) = v*a(u) + h(u). Calculate l(0).
-11
Let c(g) = -2*g**2 - 19*g + 4. Suppose -100*z + 110*z - 10 = 0. Let w be (z/(-2) + -2)/((-1)/(-4)). Determine c(w).
-6
Let i(l) = l**3 - 7*l**2 + 5. Let o(p) be the first derivative of -11*p**2/2 - 11*p - 20. Let a be o(4). Let h be 14*(a/(-10) - 5). Determine i(h).
5
Let b(o) = -o + 15. Let x be b(14). Let d(n) = n**2 - x - 5*n + 9 - n. Let u be (-9)/(-6) - (-6)/(-24)*-18. What is d(u)?
8
Let f = -4919 - -4926. Let o(p) = 5*p - 15. What is o(f)?
20
Let d(l) = -l**2 - 24*l - 61. Let p(s) = -3*s**2 - 72*s - 185. Let r(w) = 8*d(w) - 3*p(w). Determine r(-21).
4
Let o(v) = 939*v - 6*v**2 - 6 - 2 - 1868*v + 938*v - 1. What is o(2)?
-15
Let o(q) be the second derivative of -q**4/12 + q**3/6 + 9*q**2/2 + 5*q + 4. Calculate o(8).
-47
Let o(l) = l**3 - 7*l**2 - 11*l - 12. Let q(f) = f**3 - 16*f**2 - 34*f - 27. Let v be q(18). What is o(v)?
51
Let m(z) = 8*z**3 + 12*z**3 - 37*z**3 + 14*z**3 + 2*z**2 + 11*z - 8*z - 6. What is m(-3)?
84
Let l(b) be the first derivative of -b**2/2 - 35*b + 9. Let q be l(-34). Let j(z) = 14*z**2 + z. Calculate j(q).
13
Let t(r) = -4*r - 6. Let a(q) = q + 1. Let d(y) = -14*a(y) - 3*t(y). Let l = 220 + -222. Let k be (-84)/(-56) - 3/l. Determine d(k).
-2
Let m = -832 + 861. Suppose 0 = -r + 34 - m, -4*w - 7 = r. Let c(y) = -3*y - 14. Calculate c(w).
-5
Let v(g) = 35*g**2 + 68*g - 62. Let h(p) = -8*p**2 - 16*p + 15. Let a(y) = 26*h(y) + 6*v(y). Give a(6).
42
Let a(v) = 24 - 4*v - 6*v + 4*v - 41. Let q(x) = 6*x + 19. Let o(g) = 4*a(g) + 3*q(g). Calculate o(-5).
19
Let n(b) = -40*b**3 - 14*b**2 + 3*b + 5. Let g(f) = -6*f**3 - 2*f**2. Let o(h) = 7*g(h) - n(h). Give o(-2).
17
Let x(r) = -r**2 - 5*r - 5. Let k = -303 - -331. Suppose 5*i - 2*y = -28, -4*i - 11*y = -7*y + k. Give x(i).
-11
Let o(w) = 19*w**2 + 17*w + 59. Let y(i) = -6*i**2 - 7*i - 20. Let n(c) = -4*o(c) - 13*y(c). Calculate n(-12).
36
Let i(t) = t - 4. Let n(u) = -22*u - 64. Let q(a) = -4*a. Let g(h) = n(h) - 5*q(h). Let s be g(-28). What is i(s)?
-12
Let f(b) = -3*b - 12. Suppose -4*p + 38*m = 40*m - 16, 3*p = 2*m - 2. Let j = 0 - -5. Let a(i) = 7*i + 23. Let u(y) = j*f(y) + p*a(y). Give u(0).
-14
Let t(n) be the second derivative of n**7/840 + n**6/60 - n**5/30 + 5*n**4/12 + 101*n**3/6 + 5*n. Let w(a) be the second derivative of t(a). Calculate w(-7).
-11
Let i(o) be the third derivative of -o**7/2520 - o**6/90 - o**5/12 + 8*o**4 + 110*o**2. Let f(m) be the second derivative of i(m). Give f(-7).
-3
Let l = -2234 + 2229. Let j(g) = 2*g**3 + 5*g**2 - 12*g - 4. Determine j(l).
-69
Suppose -5*g + 7 + 3 = 0. Let d(f) = -478*f - 483*f - 474*f + 1902*f - 474*f. What is d(g)?
-14
Let k(u) be the second derivative of u**5/20 - 5*u**4/3 + 7*u**3/2 - 33*u**2/2 + 7589*u. Calculate k(19).
5
Suppose -2*u = -4 - 6. Let w be (-614 - -611)/(6/(-10)). Let t(d) = u - 6 + d**2 - w - 68*d + 69*d. Give t(0).
-6
Let p(m) = 233*m**2 - 1 - 1 - 109*m**2 - 123*m**2 + 5*m. Let w be 135/(-20) - 1/4. What is p(w)?
12
Let h(c) = 2*c**3 + c**2 - 2*c - 1. Let n(k) = 7*k**3 - 3*k**2 - 12*k - 7. Let g(u) = 4*h(u) - n(u). Calculate g(-6).
15
Let o(v) = 16*v**2 - 2063*v - 126. Let q be o(129). Let y(h) be the first derivative of -2*h**q + 1/4*h**4 - 8*h + 1/2*h**2 - 36. Determine y(6).
-2
Suppose -22 = -4*z + 18. Suppose z*h = 5*h. Let b be h - 3/((-3)/(-2)). Let d(o) = -2*o**3 - o**2 + 3*o + 2. Give d(b).
8
Let h = 30 + -31. Let b be (-3)/h + 20/10. Let t(p) = b - 4*p - p**2 - 2*p + 5 - 13. Determine t(-5).
2
Suppose -50 = 4*u + 5*s, 17*s - 10 = 2*u + 12*s. Let t(o) = -o**2 - 8*o + 6. What is t(u)?
-14
Let a(j) = 3*j - 5. Let c(l) = -13*l + 13. Let d(o) = 2*a(o) + c(o). Determine d(1).
-4
Let v(b) = b**2 - b - 3. Let a(k) = -11*k + 3. Let q be a(6). Suppose -z - 4*c - 83 = 0, -4*z - 15*c = -19*c + 212. Let u = z - q. What is v(u)?
9
Let o(j) be the third derivative of -5*j**4/8 + 161*j**3/6 + 558*j**2. Give o(11).
-4
Let d(a) = a**2 + 8*a + 4. Suppose -4*v + x = -21, 5*v - 1 = -2*x + 22. Suppose v*n = -2*n. Suppose n = -4*m - 30 + 6. Calculate d(m).
-8
Let m(n) = -5*n**2 + n + 4. Suppose -3*x + 2*a - 224 = -230, 0 = 5*x - 2*a - 6. Calculate m(x).
4
Let k(t) be the first derivative of -5*t**4/24 + 7*t**3/6 - 114*t**2 + 236. Let c(o) be the second derivative of k(o). Give c(5).
-18
Let r(u) = -u**3 + 7*u**2 + 7*u - 6. Let t(w) = -49*w - 106. Let z be t(-4). Let h = 98 - z. Give r(h).
-14
Suppose 4*z = -f - z - 1, -5*z = 2*f - 3. Suppose f = i, -7 = -d - i + 2. Suppose r + 9*r = d*r. Let u(j) = -j - 5. Calculate u(r).
-5
Let z(u) = -u**2 + 2*u - 1. Let b(i) = -8*i + i**3 + 29*i**2 - 14*i**2 - 11*i**2 - 30. Let y be b(-4). Determine z(y).
-1
Let o(q) be the first derivative of -q**3/6 - 5*q**2/2 + 322*q - 571. Let h(w) be the first derivative of o(w). Let r = -3 - 3. What is h(r)?
1
Let o(n) be the third derivative of -n**5/60 - 7*n**4/24 + 13*n**3/6 + 7*n**2 - 1. Let c(q) = -q**2 - 3*q + 7. Let l(k) = 5*c(k) - 3*o(k). Give l(4).
-12
Suppose 2*c + s + 16 = 0, 5*c = 4*s + 324 - 312. Let n(g) = 27*g + 24. Give n(c).
-84
Let r(f) = -f**2 - 412*f + 31 + 367*f + 46*f. Suppose -5*x + 2*u + 4 = -0, -2*x = 4*u + 8. Give r(x).
31
Let t be (756/(-24))/((-6)/(-8)). Let d be (1/(-2))/((91/t)/13). Let k(o) = 3*o - 2 - d*o - 5 - o. Determine k(-7).
0
Let a(p) = 7*p**2 - 25 + 3523*p + 22 - 3521*p. What is a(-3)?
54
Let d = -16148 + 16148. Let s(x) = -45*x - 7. Give s(d).
-7
Let s(p) be the first derivative of 2*p**4 + p**2 - p - 93. Let q(y) = -18*y**3 - 4*y + 2. Let j(n) = 6*q(n) + 13*s(n). What is j(1)?
-3
Let c(w) = w + 2 - 1 + 5. Let a(d) = -495*d + 16327. Let u be a(33). Give c(u).
-2
Let q = 26 - 17. Let f(l) = 6*l**2 - 192*l - 65. Let k(c) = 5*c**2 - 162*c - 54. Let p(b) = -11*f(b) + 13*k(b). Calculate p(q).
-14
Suppose -11 = -5*c + 9. Suppose c*l - 4 = t - 32, -4 = l. Suppose -t = -6*q - 6. Let k(x) = -8*x**3 - x**2 + x - 1. Give k(q).
-9
Let r(z) = 2*z - 5*z + z + 3 + z**3 - 5*z**2. Let x = -7268 + 7274. Calculate r(x).
27
Let g(b) = -2*b**2 + 6*b - 6. Let m be g(3). Let n(q) = 7*q + 1 + 4 + 8*q**2 + q**2 - 8*q**2. Determine n(m).
-1
Let v be (39/6)/((-5)/(-10)). Let l = 0 - v. Let a be 4/(-6)*(7 + l). Let g(p) = p - 1. Give g(a).
3
Suppose 3*b + 0*b - 61 = -x, -5*x - 73 = -3*b. Suppose 6*v = -v + b. Let m be (-1 - 1)*10/5 + v. Let d(o) = -3*o**3 - o**2 + 1. Calculate d(m).
3
Let k(g) be the third derivative of -2/3*g**3 - 3*g**2 + 1/12*g**4 - 1/10*g**5 + 0 - 5*g + 1/120*g**6. Determine k(4).
-28
Let o(y) be the second derivative of y**5/20 - y**4/12 - y**3/2 + 5*y**2 - 1412*y. Calculate o(0).
10
Let m(v) be the first derivative of v**6/120 - v**5/30 - v**4/12 - 5*v**3/6 - 11*v**2 + 5*v + 44. Let s(i) be the second derivative of m(i). Determine s(4).
19
Let t(o) be the second derivative of 1/12*o**4 + 1/3*o**3 - o - 2 + o**2. Determine t(-1).
1
Let m(t) = -t**2 - 18*t - 90. Let z(s) = 1. Let b(x) = -m(x) - 5*z(x). Let c(k) be the first derivative of b(k). What is c(-7)?
4
Let u be ((-1610)/(-1127))/((-5)/42). Let n(s) = 14*s + 192. What is n(u)?
24
Let x(h) = -h. Let m be x(6). Let u(n) = -4*n - 10. Let p be u(m). Let i = -19 + p. Let c(r) = -r**3 - 6*r**2 - 6*r + 3. Give c(i).
8
Let r(x) = -6*x**2 - x + 10. Suppose -t - 1 = 0, 5*i = -3*t - 0 - 28. Let c be r(i). Let a be c/(-75) + 2/10. Let l(n) = -5*n + 2. Determine l(a).
-8
Suppose 3*m = -3*h + 7 - 19, h = 3*m + 12. Suppose h*b + 63 = 7*b. Let k(x) = x**3 - 8*x**2 - 10*x + 3. Determine k(b).
-6
Let g(u) = 3*u**3 - 5*u**2 + 25*u + 4. Let t(k) = -k**3 + 3*k**2 - 10*k - 2. Let s(z) = -2*g(z) - 5*t(z). Give s(-3).
-16
Let o(b) = -4*b + 4. Let q(d) = -4*d + 5. Let h(u) = 3*o(u) - 2*q(u). Suppose 103 = 99*l - 492 + 1. Determine h(l).
-22
Suppose -4*p + 1 + 3 = 0, p - 29 = -4*b. Suppose -g + 2*z + 1 = 0, -b*z + 8*z - 3 = 0. Let k(o) = -o**2 - 5*o + 4 + 0*o**2 + 4*o + 6*o. Calculate k(g).
-10
Let k(m) be the second derivative of -9*m**5/20 + m**4/6 - m**3/3 - m**2 + 1184*m. Give k(2).
-70
Let r(l) = -17*l + 107. Let a(v) = 5*v - 32. Let c(u) = -7*a(u) - 2*r(u). Calculate c(-7).
17
Let p(y) = -7*y + 83. Let m = 22076 - 22064. Calculate p(m).
-1
Let c = -87 + 125. Suppose -2*v +